3*g**2 + 463*g - 922. Calculate the remainder when 1839 is divided by r(2).
47
Let q be 4/18 - 840/378. Calculate the remainder when 183 is divided by (q + 3/3)*(22 - 54).
23
Suppose 5*x = k - 17, 18 = -5*x + 23. Calculate the remainder when 4/6 - 590/(-6) is divided by k.
11
Suppose -2*b = -5*o + 52, 2*o + 5*b + 4 = 4*o. Calculate the remainder when 14740/(-201)*27/(-12) is divided by o.
9
Suppose -38*r - 57195 = -58297. Let x = 5 - 1. Suppose -t = x*t - 55. Calculate the remainder when r is divided by t.
7
Suppose -3*t - 2*t = -z - 148, t + 2*z = 23. Let r = -3 + 4. Calculate the remainder when t is divided by 4/(r + (-1)/2).
5
Let f(s) = -183*s + 48 - 177*s - 176*s + 537*s + 14. Let y be (-4 + 2)/1 - 16. What is the remainder when f(y) is divided by 18?
8
Let g = -12486 - -12492. What is the remainder when 3625 is divided by g?
1
Let u(s) = -5*s**3 + 53*s**2 + 31*s + 53. What is the remainder when u(-7) is divided by 63?
53
Suppose 59*t - 585 = 50*t. Let v be (4*-1)/((-4)/(-4)). Let x(r) = -4*r + 1. What is the remainder when t is divided by x(v)?
14
Suppose 53*i = 49*i + 12. Suppose i*w - 355 = -2*w. What is the remainder when w is divided by 36?
35
Suppose q - 119 = -5*l, 356 = -678*q + 682*q + 5*l. Suppose -5 + 4 = -v. Calculate the remainder when q is divided by (8/5)/(v/10).
15
Suppose 0 = -5*u - 3*i + 360, 0*u - u + i + 72 = 0. Suppose -4*h + 6*h - 2*l - u = 0, 2*l + 180 = 5*h. What is the remainder when 77 is divided by h?
5
Calculate the remainder when ((-3 - 359) + 3)*-1 is divided by 41.
31
Let i(u) = -2*u**2 - 20*u + 16. Let j be -8 - 2/(-2)*-2. Suppose -4*h + f = -314, -242 = -6*h + 3*h + 4*f. Calculate the remainder when h is divided by i(j).
14
Let z(t) = -t + 29. Let x be z(-12). Let d = x - 33. Suppose -5*v + 92 + d = 0. What is the remainder when 38 is divided by v?
18
Suppose 5*s = 5 + 25. Let k = 367 + -357. What is the remainder when k is divided by s?
4
Suppose 0*h + 5*h = 5. Let p be 113 + 0 + 1*h/(-1). Let d = p + 92. What is the remainder when d is divided by 41?
40
Let k(z) = -z**2 + 15*z - 53. Let g be k(7). Suppose -g*o = 9*o - 300. What is the remainder when 199 is divided by o?
24
Let z be 8/(2/(4/(-1))). Let k(h) = 2*h**3 + 90*h**2 + 86*h - 95. Let w be k(-44). Let d = w - z. What is the remainder when 51 is divided by d?
6
Let c = -247 - -267. Calculate the remainder when 31 is divided by c.
11
Let j be (21 + -22)/(1/89). Let b = j - -98. What is the remainder when 43 is divided by b?
7
Let i = -21408 - -26682. What is the remainder when i is divided by 377?
373
Let y(m) = 5*m - 69. Suppose 0 = 4*i - 8 - 76. Let a be y(i). Suppose 0 = -5*c - 2*w + 25, 3*c - a = 5*w + 10. What is the remainder when 27 is divided by c?
6
Let s be 3/42*2 + 804/7. Suppose -s = -6*a - 67. Let l = 4 - -16. Calculate the remainder when l is divided by a.
4
Suppose 2*b = 4*i - 32, b + 9*i + 16 = 4*i. What is the remainder when 49 is divided by (-3)/(b/(-136)*(-6)/4)?
15
What is the remainder when 387 is divided by ((-3250)/39)/((-26)/117)?
12
What is the remainder when 16/((-5)/20 - 34/(-128)) is divided by 86?
78
Let a = 5303 + -5080. What is the remainder when a is divided by 41?
18
Let j(p) = -3*p**3 - 43*p**2 + 238*p + 43. Calculate the remainder when j(-19) is divided by 12.
11
Suppose 52 = -5*g + 72. Suppose 2*f + g = 0, -2*j = 3*j - 4*f - 773. Calculate the remainder when j is divided by 79.
74
Suppose 0 = 3*a - 6*a + 18. Let m(f) = f**2 + 2*f - 9. Let y be m(a). Let d = 60 - y. Calculate the remainder when 102 is divided by d.
18
Let d = -377 - -381. Let z(h) = h + h**3 - 6*h**2 + 0 + 2*h**2 + 12. What is the remainder when z(d) is divided by 4?
0
Let i(u) = u**2. Let r(o) = 13*o**2 + o**3 - 6*o + 4*o**3 - 10*o**3 + 4*o**3 - 12. Let l(z) = 6*i(z) - r(z). Calculate the remainder when l(6) is divided by 7.
5
Suppose -x - 2*b = -21, 48 = 5*x + 3*b - 50. Let u(z) = 9*z + 8. Calculate the remainder when u(7) is divided by x.
14
Let l = 5965 - 5955. Calculate the remainder when 39 is divided by l.
9
Let q = 30037 - 23705. What is the remainder when q is divided by 35?
32
Let o(h) = h**3 - 9*h**2 + 13*h + 7. Let l be o(7). Suppose 19*k - 8*k - 176 = l. Calculate the remainder when 53 is divided by k.
5
Suppose 0 = 3*o + 15, o = -2*w - 3*o - 16. Let q = 9 + -10. Calculate the remainder when (-3 + (-16 - q))/(-2) is divided by w.
1
Suppose 2*d = 5*z - 1040, z = 3*d - 45 + 240. Calculate the remainder when 325 is divided by z.
115
Let d = -182 - -227. Calculate the remainder when 60 is divided by d/(-315) - (-324)/14.
14
Suppose -321*x + 390 = -324*x. Let d = x - -210. Calculate the remainder when d is divided by 42.
38
Let h(x) = 38*x**2 - x + 1424. What is the remainder when h(0) is divided by 28?
24
Let s = 13903 - 13843. Calculate the remainder when s is divided by 8.
4
Suppose 7*c - 3*c + 18 = l, -c = -2. What is the remainder when 4834 is divided by l?
24
Let y = -105 + 132. Let s be -1 - (-1)/(1/3). Suppose -3*l = 3*q - 18, s*l - 3*q = -0*q + 7. Calculate the remainder when y is divided by l.
2
Suppose -40 = -8*s - 0*s. Suppose -3*g + 12 = g + 4*a, 0 = -s*g + 3*a + 39. Calculate the remainder when 23 is divided by -1 + -15*(0 + (-2)/g).
3
Suppose -4*u - 16 = 0, -3*t + 14*u = 12*u - 59. Let o = 10 + -7. What is the remainder when t is divided by (-13)/(o/3 - 2)?
4
Let u(k) = -16*k**2 + 13*k + 121. Let w(m) = -7*m**2 + 7*m + 61. Let s(d) = 3*u(d) - 7*w(d). Calculate the remainder when s(-7) is divided by 23.
9
Suppose -3 - 2 = 5*z. Suppose -442*k + 4059 = -73*k. Calculate the remainder when 54 - ((0 - z) + 0) is divided by k.
9
Suppose 2*l - 3*v - 322 = 0, -5*v = -16*l + 18*l - 322. Let n = -201 - -285. Calculate the remainder when l is divided by n.
77
Let l be (-530)/(-2) - (-2 + -1). Suppose 2*c - 204 = l. What is the remainder when c is divided by 16/(-28) - 16698/(-483)?
32
Let b(c) = -37*c + 5. Let d(x) = -1. Let h(z) = b(z) + 4*d(z). Calculate the remainder when h(-1) is divided by 6 + 2 + 1 + 1 + (-12 - -22).
18
Suppose 0 = 5*d + 30 - 120. Let k = -59 - -59. Suppose 0*l - j = -3*l + 204, -2*l + 3*j + 129 = k. Calculate the remainder when l is divided by d.
15
Let s be (24/18)/(4/78). Suppose -4*o - 18 = -s. Calculate the remainder when o is divided by 9 + -6 + 2/(-2).
0
Suppose -42*f = 85*f - 14848 + 497. Calculate the remainder when 221 is divided by f.
108
Suppose -24549 = 123*k - 29838. What is the remainder when (15/(-6) - -1)*-200 is divided by k?
42
Suppose 0 = 5*r + 2*d - 3282, 8*r + 5*d = 7*r + 638. Suppose -2*k = -5*k + 9. Suppose -k*c + r = 4*c. Calculate the remainder when c is divided by 25.
19
Let s(a) = -3*a**2 + 23*a - 10. Let q be (-5 - 0 - -10) + 2. Calculate the remainder when 30 is divided by s(q).
2
Let v(u) = 22*u - 2. Let k = 18 - 17. What is the remainder when (140 - 153)*(-18)/2 is divided by v(k)?
17
Let j(s) = s**2 + 341*s - 1709. Calculate the remainder when 1083 is divided by j(5).
12
Suppose 3*w = -177 - 168. Let t = w + 52. Let m = 10 - t. Calculate the remainder when m is divided by 19.
16
Let n(j) = 570*j + 15304. What is the remainder when 3167 is divided by n(-25)?
5
Suppose -c = -13*v + 12*v - 680, 0 = 2*c + 4*v - 1384. Let n = c - 674. What is the remainder when 76 is divided by n?
6
What is the remainder when 570 is divided by ((-12)/(-16))/((-12)/(-1872))?
102
Let g = -2811 + 2938. Calculate the remainder when 493 is divided by g.
112
Let k(h) = h**3 + 37*h**2 + 30*h - 103. What is the remainder when 124 is divided by k(-36)?
11
Calculate the remainder when 4*(-13 + (-1375)/(-44)) is divided by 3.
1
Let j(z) = -z**3 + 2*z**2 - 12*z + 65. Let w be j(4). What is the remainder when 304 is divided by w/10*(-206)/3?
98
Let d be (-516)/(-7) - 4 - 4/(-14). Suppose -5*x + d = c - 10, 4*x + 4*c = 64. What is the remainder when 105 is divided by x?
9
Suppose -6*p + 248 = -4. Suppose -2*h = 47*y - 43*y - p, -64 = -3*y + 5*h. Calculate the remainder when 38 is divided by y.
12
Suppose -17*z + 1768 = 4*j - 6*z, 2*z - 445 = -j. What is the remainder when j is divided by 78?
63
Suppose -5*r + 364 = -x, 36*r = 41*r + 3*x - 348. Calculate the remainder when r is divided by 62.
10
Suppose 10*z - 139 = 60 - 109. What is the remainder when 1556 is divided by z?
8
Let l be (2 + 70/(-21))*(-12 - 0). Sup